est common divisor of 81 and 342696?
3
Calculate the highest common factor of 70 and 23983575.
35
Calculate the highest common divisor of 49513 and 355459.
739
What is the greatest common divisor of 612547 and 10049?
13
Calculate the greatest common factor of 2758041 and 425997.
1287
What is the greatest common divisor of 1108521 and 72?
9
What is the highest common divisor of 7 and 1465513?
7
What is the highest common factor of 20 and 15667055?
5
Calculate the greatest common factor of 167 and 4970087.
167
What is the greatest common divisor of 2156 and 294767?
11
Calculate the highest common factor of 4624 and 143786.
34
Calculate the greatest common divisor of 10180929 and 55968.
1749
What is the greatest common divisor of 4104804 and 792588?
3084
What is the greatest common divisor of 100487 and 31925311?
5911
Calculate the greatest common factor of 3116 and 14934988.
3116
Calculate the highest common divisor of 358502 and 95590.
158
Calculate the highest common factor of 376 and 4042329.
47
Calculate the greatest common factor of 400 and 1474864.
16
What is the greatest common factor of 94489947 and 12151?
419
What is the greatest common factor of 391878 and 62402?
82
Calculate the highest common factor of 87483 and 520179.
363
What is the highest common divisor of 73783667 and 25734?
4289
Calculate the highest common factor of 39848512 and 920.
184
What is the greatest common factor of 854 and 369978?
14
What is the highest common factor of 16464607 and 2?
1
What is the greatest common divisor of 2482 and 770246506?
2482
What is the highest common factor of 847 and 160160?
77
What is the greatest common divisor of 18056975 and 272?
17
What is the greatest common divisor of 61699836 and 484?
484
What is the greatest common factor of 1193705 and 3338663?
1237
What is the highest common divisor of 11866 and 315316?
34
What is the greatest common factor of 10080817 and 862889?
5167
What is the highest common factor of 5179255 and 23?
23
What is the highest common factor of 7809 and 712263?
411
What is the highest common divisor of 11048565 and 7656?
957
Calculate the highest common divisor of 614 and 11476274.
614
Calculate the greatest common divisor of 81947 and 1315845.
361
What is the greatest common divisor of 13959072 and 306?
18
Calculate the highest common factor of 13335175 and 82355.
6335
Calculate the greatest common factor of 178308 and 118668927.
4953
Calculate the greatest common factor of 2504873 and 4361.
7
What is the greatest common factor of 3731905 and 498405?
1115
What is the highest common divisor of 49647 and 1197912?
57
What is the greatest common divisor of 45 and 5938974?
9
What is the greatest common factor of 72479240 and 1240?
1240
Calculate the greatest common divisor of 1818 and 7541973.
909
What is the greatest common factor of 4592 and 111949264?
112
Calculate the greatest common factor of 273 and 13921544.
91
What is the highest common divisor of 216 and 8476434?
54
What is the greatest common divisor of 6690 and 742790700?
6690
What is the greatest common divisor of 23310113 and 551?
29
Calculate the highest common divisor of 4 and 23981974.
2
Calculate the greatest common divisor of 144567 and 477.
9
What is the highest common factor of 130115 and 8275805?
2455
Calculate the greatest common factor of 224 and 17855488.
224
What is the highest common factor of 1428930 and 198?
18
What is the highest common factor of 5974374 and 78?
6
Calculate the highest common factor of 434 and 3915455.
31
What is the greatest common divisor of 45363288 and 1809?
201
What is the highest common divisor of 165600 and 14191?
23
What is the highest common factor of 118018656 and 9408?
4704
Calculate the highest common factor of 11170998 and 497.
71
Calculate the greatest common factor of 767214 and 3682.
14
Calculate the greatest common factor of 2162675692 and 124.
124
Calculate the greatest common divisor of 2864 and 286432.
16
Calculate the highest common factor of 71330 and 130990.
10
Calculate the highest common divisor of 34272242 and 6.
2
Calculate the greatest common divisor of 15998 and 346062.
842
What is the highest common divisor of 129 and 13347759?
129
Calculate the greatest common factor of 2145 and 1912911.
429
Calculate the highest common divisor of 27781296 and 96.
48
Calculate the highest common divisor of 7790185 and 637.
13
What is the highest common factor of 7802 and 325193?
47
Calculate the greatest common factor of 74568 and 61184.
1912
Calculate the highest common divisor of 1208 and 37416.
8
Calculate the highest common factor of 57015 and 680379.
3801
What is the greatest common divisor of 1899 and 2582851?
211
Calculate the greatest common factor of 288 and 58643748.
36
What is the highest common factor of 658 and 449218?
14
Calculate the highest common factor of 31137 and 8560.
107
Calculate the greatest common divisor of 1674 and 27049329.
837
What is the greatest common factor of 15832 and 630770628?
7916
Calculate the highest common factor of 34262885 and 15.
5
What is the highest common divisor of 527681 and 99869?
77
What is the greatest common divisor of 1613104290 and 90?
90
What is the greatest common divisor of 99 and 1518593571?
99
Calculate the greatest common factor of 95296180 and 378.
14
Calculate the highest common divisor of 555946 and 2077696.
4058
What is the greatest common factor of 6 and 5275094?
2
What is the greatest common divisor of 1719751 and 341?
11
What is the highest common factor of 2454399 and 7014?
501
What is the highest common factor of 62 and 706913212?
62
What is the highest common factor of 4025 and 1267685825?
4025
Calculate the highest common divisor of 72292 and 695640.
1364
What is the highest common factor of 132856308 and 6084?
6084
Calculate the greatest common divisor of 67422680 and 1924.
52
What is the highest common factor of 45541 and 16?
1
Calculate the highest common factor of 252150 and 414756.
246
Calculate the highest common factor of 2256 and 1090032.
48
What is the greatest common factor of 121243 and 1035867?
461
Calculate the highest common divisor of 121919215 and 22.
11
Calculate the highest common factor of 9659620 and 63500.
2540
What is the greatest common factor of 32 and 3796256?
32
Calculate the greatest common divisor of 4977995 and 65395.
1595
What is the highest common factor of 20480 and 15266560?
1280
What is the highest common factor of 27397071 and 92?
23
Calculate the highest common factor of 37301288 and 8.
8
Calculate the highest common divisor of 121372 and 556.
4
What is the highest common divisor of 64437 and 349116?
141
What is the greatest common factor of 5872301 and 216323?
1579
Calculate the greatest common factor of 64 and 14422336.
64
What is the highest common divisor of 438681 and 118281?
267
Calculate the highest common divisor of 111672 and 2524824.
216
Calculate the highest common factor of 19545044 and 12.
4
Calculate the highest common factor of 106290 and 85410.
90
Calculate the highest common factor of 71043895 and 2691.
299
Calculate the highest common divisor of 24010672 and 112.
112
What is the highest common divisor of 780 and 3213340?
260
Calculate the highest common divisor of 1108 and 27902764.
1108
Calculate the greatest common divisor of 760 and 30344900.
380
What is the greatest common factor of 186703 and 359007?
121
Calculate the greatest common divisor of 90 and 264012.
6
Calculate the highest common divisor of 2730119 and 48.
1
Calculate the highest common factor of 9552 and 4347951.
597
What is the highest common factor of 45431 and 4973314?
251
Calculate the highest common factor of 644626 and 26923.
109
Calculate the highest common divisor of 9925840 and 1520.
80
What is the highest common factor of 1023 and 18711924?
33
What is the greatest common divisor of 5865 and 391255?
85
What is the highest common factor of 2069634 and 630?
42
What is the highest common divisor of 90 and 16652700?
90
Calculate the greatest common divisor of 3556119 and 3297.
21
What is the highest common divisor of 78 and 1012362?
78
Calculate the greatest common divisor of 13875746 and 1218.
58
What is the greatest common divisor of 20 and 14966780?
20
What is the greatest common factor of 2604382 and 650